atest common factor of 402 and 11322?
6
Calculate the greatest common factor of 42849 and 3.
3
What is the highest common divisor of 69171 and 3?
3
Calculate the highest common factor of 7115 and 1580.
5
Calculate the greatest common factor of 4599 and 1722.
21
What is the greatest common factor of 8372 and 28?
28
Calculate the greatest common divisor of 2093 and 107387.
161
Calculate the highest common factor of 2154 and 1021714.
718
Calculate the greatest common divisor of 305 and 245.
5
What is the highest common divisor of 2 and 19892?
2
Calculate the highest common divisor of 36 and 95562.
18
What is the greatest common divisor of 37114 and 154?
154
Calculate the highest common divisor of 40 and 160100.
20
What is the highest common divisor of 168906 and 96?
6
What is the highest common divisor of 1075024 and 80?
16
What is the highest common divisor of 29830 and 152?
38
Calculate the highest common factor of 1840 and 10695.
115
Calculate the greatest common divisor of 255 and 317815.
85
Calculate the greatest common factor of 450 and 55450.
50
What is the highest common factor of 1728 and 429888?
192
Calculate the highest common divisor of 826122 and 396.
66
What is the highest common divisor of 5328 and 6768?
144
What is the highest common divisor of 209 and 15789?
19
What is the highest common factor of 388 and 592?
4
What is the greatest common factor of 28 and 256662?
14
What is the highest common factor of 9570 and 1230?
30
What is the greatest common factor of 832 and 36088?
104
What is the highest common divisor of 76158 and 90?
18
What is the greatest common divisor of 10865 and 12013?
41
What is the greatest common divisor of 368 and 278576?
368
What is the highest common divisor of 341488 and 112?
112
Calculate the greatest common factor of 81 and 409788.
9
Calculate the highest common divisor of 60025 and 50.
25
Calculate the greatest common divisor of 1215 and 18435.
15
Calculate the highest common divisor of 41349 and 38127.
537
Calculate the greatest common factor of 19337976 and 111.
111
What is the highest common divisor of 16030 and 49?
7
What is the greatest common divisor of 72 and 68634?
18
What is the greatest common divisor of 2479 and 5143?
37
What is the greatest common factor of 23318 and 47615?
89
What is the highest common divisor of 2 and 40882?
2
Calculate the highest common factor of 177067 and 11.
11
Calculate the highest common factor of 21740 and 380.
20
What is the highest common factor of 2320 and 1305?
145
What is the greatest common factor of 10 and 21955?
5
Calculate the highest common factor of 9771 and 36.
3
Calculate the greatest common factor of 4149278 and 14.
14
Calculate the highest common divisor of 22705 and 190.
95
What is the highest common factor of 189047 and 79?
79
What is the greatest common factor of 1023 and 140833?
341
Calculate the highest common divisor of 672 and 24088.
8
Calculate the greatest common factor of 744 and 7719.
93
Calculate the greatest common factor of 1053 and 18096.
39
Calculate the greatest common divisor of 45 and 90729.
9
What is the greatest common factor of 66 and 1374?
6
Calculate the highest common divisor of 32 and 43092.
4
Calculate the highest common divisor of 230 and 157159.
23
What is the highest common divisor of 133085 and 86?
43
Calculate the greatest common factor of 19 and 218443.
19
Calculate the highest common factor of 14 and 35574.
14
Calculate the greatest common factor of 144 and 775800.
72
What is the highest common factor of 366876 and 344?
172
Calculate the highest common divisor of 1700 and 44540.
340
What is the highest common divisor of 1008 and 153552?
336
Calculate the greatest common factor of 126 and 52578.
18
Calculate the highest common factor of 494 and 2755.
19
Calculate the greatest common factor of 612 and 1359.
9
What is the greatest common factor of 516206 and 398?
398
What is the greatest common factor of 216 and 497934?
54
What is the greatest common divisor of 16 and 3848?
8
Calculate the greatest common factor of 17660 and 20.
20
What is the greatest common divisor of 15111 and 63948?
219
Calculate the greatest common factor of 7095 and 17325.
165
Calculate the greatest common factor of 67405 and 364.
13
Calculate the highest common divisor of 308 and 60004.
28
Calculate the greatest common divisor of 626510 and 10.
10
What is the highest common factor of 1349 and 4189?
71
Calculate the highest common divisor of 735 and 2107.
49
What is the greatest common factor of 285 and 1735?
5
What is the greatest common divisor of 800896 and 80?
16
Calculate the highest common divisor of 338742 and 243.
243
Calculate the highest common factor of 36579 and 78231.
267
Calculate the highest common factor of 15870 and 10950.
30
Calculate the highest common divisor of 104 and 34970.
26
Calculate the highest common divisor of 8 and 420260.
4
What is the highest common factor of 5885 and 186715?
535
Calculate the greatest common divisor of 2332 and 249100.
212
Calculate the greatest common factor of 10 and 5444.
2
What is the highest common divisor of 10144 and 2609544?
2536
What is the highest common divisor of 3507 and 308115?
501
What is the highest common factor of 65224 and 992?
248
What is the highest common divisor of 32 and 4600?
8
What is the greatest common divisor of 1059423 and 323?
17
What is the greatest common factor of 152 and 1229528?
152
What is the greatest common divisor of 39935 and 1630?
815
What is the greatest common factor of 280370 and 1060?
530
What is the greatest common divisor of 559 and 387?
43
Calculate the greatest common factor of 576 and 3546.
18
What is the highest common divisor of 11418 and 1355628?
1038
What is the highest common divisor of 312393 and 1515?
303
What is the highest common factor of 4649689 and 1529?
1529
Calculate the highest common divisor of 337274 and 70.
14
What is the greatest common divisor of 23756 and 46?
2
Calculate the highest common factor of 84 and 62944.
28
What is the highest common divisor of 243228 and 12?
12
Calculate the highest common factor of 80 and 5360.
80
What is the greatest common divisor of 27 and 85563?
27
What is the highest common divisor of 336 and 313320?
168
What is the highest common factor of 4841 and 47?
47
Calculate the greatest common factor of 362 and 79459.
181
Calculate the greatest common factor of 1222 and 3484.
26
Calculate the greatest common factor of 6096 and 3216.
48
Calculate the greatest common divisor of 30938 and 124.
62
What is the greatest common factor of 272625 and 125?
125
What is the highest common divisor of 689 and 2809?
53
Calculate the highest common factor of 18466176 and 57.
57
Calculate the highest common factor of 913691 and 361.
361
What is the highest common factor of 3367 and 1729?
91
Calculate the greatest common factor of 325 and 949.
13
What is the highest common factor of 59104 and 464?
16
What is the greatest common divisor of 89846 and 3006?
334
What is the greatest common factor of 435 and 816495?
435
What is the greatest common factor of 253918 and 98?
98
What is the highest common divisor of 1596192 and 520?
104
Calculate the highest common factor of 9610 and 4774.
62
Calculate the highest common factor of 105504 and 60.
12
What is the highest common factor of 461759 and 75015?
1667
What is the greatest common divisor of 14124 and 9988?
44
Calculate the highest common factor of 6 and 1834566.
6
What is the highest common factor of 1497177 and 18?
9
Calculate the highest common divisor of 1260 and 2457.
63
What is the highest common divisor of 6656 and 2504?
8
Calculate the highest common divisor of 251332 and 76.
76
What is the greatest common factor of 125 and 85325?
25
Calculate the greatest common factor of 190 and 7676.
38
What is the greatest common factor of 228573 and 13734?
981
What is the highest common divisor of 58082 and 1028?
514
What is the greatest common factor of 534 and 458?
2
What is the highest common factor of 16 and 41584?
16
What is the greatest common factor of 5044 and 579284?
388
What is the highest common factor of 30327 and 99?
33
What is the greatest common factor of 400 and 1471000?
200
Calculate the greatest common factor of 32644 and 32.
4
What is the greatest common d